{"id":658,"date":"2023-01-12T10:57:30","date_gmt":"2023-01-12T13:57:30","guid":{"rendered":"https:\/\/unima-argentina.org\/ua22\/?page_id=658"},"modified":"2023-02-26T15:08:49","modified_gmt":"2023-02-26T18:08:49","slug":"comision-diversidad","status":"publish","type":"page","link":"https:\/\/unima-argentina.org\/ua22\/comision-diversidad\/","title":{"rendered":"Comisi\u00f3n Diversidad"},"content":{"rendered":"<p>&nbsp;<\/p>\n<p><strong>DIT\u00a0 (T\u00edteres y Discapacidad)<\/strong><\/p>\n<p>Se form\u00f3 el 2019 y tuvo gran inserci\u00f3n en la comunidad, invitados a distintas charlas y ponencias, se abordan las distintas problem\u00e1ticas y necesidades que nuclean a la comunidad.<\/p>\n<p>Integrantes:<br \/>\nPaula Quintana<br \/>\nDani Fiorentino<br \/>\nCoordina: Ivo Sifredi<\/p>\n","protected":false},"excerpt":{"rendered":"<p>&nbsp; DIT\u00a0 (T\u00edteres y Discapacidad) Se form\u00f3 el 2019 y tuvo gran inserci\u00f3n en la comunidad, invitados a distintas charlas y ponencias, se abordan las distintas problem\u00e1ticas y necesidades que nuclean a la comunidad. Integrantes: Paula Quintana Dani Fiorentino Coordina: Ivo Sifredi<\/p>\n","protected":false},"author":1,"featured_media":0,"parent":0,"menu_order":0,"comment_status":"closed","ping_status":"closed","template":"","meta":{"footnotes":""},"class_list":["post-658","page","type-page","status-publish","hentry"],"_links":{"self":[{"href":"https:\/\/unima-argentina.org\/ua22\/wp-json\/wp\/v2\/pages\/658","targetHints":{"allow":["GET"]}}],"collection":[{"href":"https:\/\/unima-argentina.org\/ua22\/wp-json\/wp\/v2\/pages"}],"about":[{"href":"https:\/\/unima-argentina.org\/ua22\/wp-json\/wp\/v2\/types\/page"}],"author":[{"embeddable":true,"href":"https:\/\/unima-argentina.org\/ua22\/wp-json\/wp\/v2\/users\/1"}],"replies":[{"embeddable":true,"href":"https:\/\/unima-argentina.org\/ua22\/wp-json\/wp\/v2\/comments?post=658"}],"version-history":[{"count":4,"href":"https:\/\/unima-argentina.org\/ua22\/wp-json\/wp\/v2\/pages\/658\/revisions"}],"predecessor-version":[{"id":686,"href":"https:\/\/unima-argentina.org\/ua22\/wp-json\/wp\/v2\/pages\/658\/revisions\/686"}],"wp:attachment":[{"href":"https:\/\/unima-argentina.org\/ua22\/wp-json\/wp\/v2\/media?parent=658"}],"curies":[{"name":"wp","href":"https:\/\/api.w.org\/{rel}","templated":true}]}}